What is the tens digit of b?
6
Let j be (-1 - -1) + 6 - 0/6. Suppose 3*q = -j*q + 1323. What is the units digit of q?
7
Suppose 3*p - 8848 = 4*m - 1941, 2*p - 4604 = 2*m. What is the units digit of p?
1
Let j = 61 - -67. Suppose -j - 2672 = -14*k. What is the hundreds digit of k?
2
Suppose 0 = -g - 1 - 3. Suppose 4*i + 50 = 3*s, 13*i = -2*s + 18*i + 45. Let v = g + s. What is the units digit of v?
6
Let r(o) = o**3 + 21*o**2 + o + 26. Let f be r(-21). Suppose 24 - 1034 = -f*z. What is the units digit of z?
2
Let z = 46 + -21. Let m = -545 + 547. Suppose 5*a + 2*c - 58 = -0*c, -m*a + c + z = 0. What is the units digit of a?
2
Let g = 42 + -35. What is the units digit of (g/3)/((-30)/(-270))?
1
What is the hundreds digit of (-8 + 11)/((-9)/(-438))?
1
Suppose 0 = 78*a - 101*a + 47679. What is the hundreds digit of a?
0
Let o(l) = -2*l - 2. Let n be o(3). Let c = n - -12. Suppose 5*m - 265 = -2*r, -2*m + c*m = -5*r + 106. What is the tens digit of m?
5
Let q(u) = -5*u - 7. Let m(t) = 11*t + 14. Let w(h) = -6*m(h) - 13*q(h). What is the tens digit of w(-3)?
1
Suppose -k - 3092 = -2*p, 10*p - 9*p + 3*k - 1560 = 0. What is the units digit of p?
8
Suppose -25*y + 41310 = 5*y. What is the units digit of y?
7
Let c = 1686 + 405. What is the tens digit of c?
9
Let n = -1380 + 1503. What is the tens digit of n?
2
Let a = -17 + 41. Let t = a - 22. Suppose -t*s = 4*b - 56, 4*s + 26 - 10 = 0. What is the units digit of b?
6
Let u(z) = z**2 - 22. Let j be u(0). Let y = j - -12. Let l(a) = a**3 + 11*a**2 + 7*a - 2. What is the tens digit of l(y)?
2
Let p(r) = r**3 + 12*r**2 + 18*r - 10. Let i be 3*6/(0 - 2). What is the units digit of p(i)?
1
Let r(q) = -7*q**3 - 7*q**2 + 2*q - 16. Let l(j) = j**3 + j + 1. Let p(z) = -6*l(z) - r(z). Suppose 3*a = -24 - 0. What is the tens digit of p(a)?
1
Let i(a) = -98*a - 102. What is the hundreds digit of i(-10)?
8
Suppose 6*x = -0*x + 258. What is the units digit of x?
3
Let b = 9 - 7. Suppose 4*j + b*j - 246 = 0. What is the tens digit of j?
4
Suppose -16 = -o + 5*c, 5*o = -2*c + 3*c + 32. Suppose -2*v = -4*v + o. Suppose -3*m - 18 = -v*y + 30, -2*y + m = -32. What is the tens digit of y?
1
Let k(b) = b**2 - 18*b + 10. Let q = -5 - -23. What is the tens digit of k(q)?
1
Let b = -276 + 1260. What is the tens digit of b?
8
Let t be (-124)/(-30) + (-4)/30. Suppose -367 = -4*f + 3*m, 2*f - t*m = f + 108. What is the tens digit of f?
8
Let z = 322 - 194. Suppose 5*b + z = 2*u, 2*b - 6*b - 320 = -5*u. What is the tens digit of u?
6
Let p = -1356 - -2327. What is the hundreds digit of p?
9
Let y = 11 - 60. Let x = 24 - y. What is the units digit of x?
3
Suppose 3*u - 4*x = 17, -4*x - 4 = -2*u + 10. Suppose 0 = u*f + 2*f - 55. What is the units digit of f?
1
Let f = 1517 + 187. What is the hundreds digit of f?
7
Suppose 0 = 5*g - g - 5*d - 37, -g + 3*d + 18 = 0. Suppose 3*s + 4*b + 16 = 0, s + g = 2*b - b. Let n(z) = -8*z. What is the tens digit of n(s)?
3
Suppose -5*x + 2*a = -29, 0*a - 5*a - 10 = 0. Suppose x*b + 0 = 10. Suppose k - 30 = 2*t + b*t, 3*k - 2*t - 130 = 0. What is the tens digit of k?
4
Suppose -3*o = 3*g - 5*o + 34, 0 = -4*g - 3*o - 34. Let h be g/(-55) - 4/22. Suppose 3*n - y - 143 = h, 0*y - 6 = 3*y. What is the units digit of n?
7
Let g(c) = 3*c - 30. Let x be g(15). Suppose -t - 5*q + 31 = 6, -x = 3*t - 3*q. Let b = t - -16. What is the units digit of b?
6
Let p be 2/8 + 1377/12. Let u = -35 + -36. Let s = u + p. What is the tens digit of s?
4
Let b = -16 - -16. Suppose b = 4*a - 3*a - 9. Suppose 5*l - a = 21. What is the units digit of l?
6
Suppose -31 - 43 = -3*f + k, -3*f = 3*k - 78. What is the tens digit of f?
2
Suppose i + 38 = -3*k - 3*i, 5*i - 33 = 2*k. Let l = k + 14. Suppose 2*h - 30 = -l. What is the tens digit of h?
1
Let f(x) = -x**2 + 5*x - 8. Let d be f(4). What is the units digit of d + 24 + -3 - 2?
5
Let l(s) be the third derivative of 2*s**4/3 + s**3/3 + 4*s**2. Let y be ((-135)/(-40) + -3)*8. What is the tens digit of l(y)?
5
Let t be (0 - 0) + 7 - 5. What is the tens digit of (2/(t/(-3)))/(12/(-232))?
5
Let z(i) = -31*i. Let t(x) = 62*x + 1. Let b(d) = -3*t(d) - 5*z(d). Let y be b(-1). Suppose -y = -3*k - k. What is the units digit of k?
7
Suppose -2*x = 2*d - 167 - 3, x + 2*d - 80 = 0. Let l = -63 + x. What is the tens digit of l?
2
Suppose -30*m - 635 = -31*m. Suppose -m = -12*a + 721. What is the hundreds digit of a?
1
Let d be -1 - ((-3)/(-9))/(1/(-21)). Suppose a = n - 77, -d*n + 306 = -2*n - 3*a. What is the units digit of n?
5
Let i = 11 - 16. Let k = i + 1. What is the tens digit of (-11 - k)/((-1)/3)?
2
Let a(z) = z**3 + 18*z**2 - 20*z - 7. What is the units digit of a(-18)?
3
Let a(i) = 3 - 7*i**2 - 17*i + 9*i + 9*i. Let h be a(3). Let g = h - -80. What is the tens digit of g?
2
Let h(v) = 4*v**3 + 5*v**2 - 21*v - 10. What is the units digit of h(6)?
8
Let f = 150 - 85. Suppose 26 = -2*i + 5*y - 0*y, 0 = 5*i - 2*y + f. Let h(n) = -n**3 - 14*n**2 - 12*n + 16. What is the units digit of h(i)?
3
Let z(k) = k + 1. Let l be z(4). What is the units digit of 1*(3 - -167)/l?
4
Let l = 438 + -233. What is the units digit of l?
5
Suppose -j + 105 + 0 = 0. Suppose i - 352 = 3*v, i - j = 2*v + 128. Let t = v - -167. What is the tens digit of t?
4
Suppose -5*f + 400 = -2*d, f - 4*d - 226 = -2*f. Let u = 116 - f. What is the tens digit of u?
3
Suppose 4*n + 18 = 2. Let z(w) = -w**3 - 2*w**2 + 3*w - 9. What is the tens digit of z(n)?
1
Let f = 680 - 476. Let j = f - 63. What is the units digit of j?
1
Let r(u) be the third derivative of u**5/30 + u**4/8 + u**3/2 - 5*u**2. What is the units digit of r(6)?
3
Suppose -150 = -5*o - 0*o. Suppose 0 = 5*u - 25 - o. Let d = 23 - u. What is the units digit of d?
2
Suppose -5*y - 4*p + 345 = 0, -8*y - 2*p = -9*y + 69. What is the units digit of y?
9
What is the tens digit of (-4 - 4576/(-10)) + 2/5?
5
Suppose 5*u = 132*r - 131*r - 913, -r - 3*u + 897 = 0. What is the hundreds digit of r?
9
Suppose -g + 5 = 0, 2*l - 7*g - 397 = -2*g. Suppose 4*w + 4*f = f + l, -w = 2*f - 49. What is the units digit of w?
5
Let i = 322 - 324. Let b(k) = -7. Let h(g) = g + 7. Let x(u) = -6*b(u) - 5*h(u). What is the tens digit of x(i)?
1
Let d be (120/16)/15 + 5/2. Suppose z - 1101 = -5*i, 4*i - 1103 = -i - d*z. What is the units digit of i?
0
Let c(o) = o**2 - o - 4. Let r be c(3). Let q(t) = t**3 + 10*t**2. Let m be q(-10). Suppose -r*l + 3*l - 19 = m. What is the tens digit of l?
1
Suppose 2*f + 12463 = 5*n - 2045, 2*n - 4*f - 5800 = 0. What is the tens digit of n?
0
Let y(u) = 11*u + 35. What is the units digit of y(2)?
7
Let y be ((1593/(-4))/(-9))/(6/16). Suppose 3*l - 539 = -4*c, l + 5*c - 80 - y = 0. What is the hundreds digit of l?
1
Let u(r) = -10*r + 10. Suppose -2*l + l + 4 = 0. Let f be u(l). Let i = -28 - f. What is the units digit of i?
2
Suppose -13*x = -9*x + 60. What is the tens digit of 36183/315 + (-2)/x?
1
Suppose 23*b - 11687 = 6000. What is the tens digit of b?
6
Suppose 0 = -g - 0 + 1. Suppose -2 = -y + g. Let k = y - 2. What is the units digit of k?
1
Suppose -23*x + 1592 = -19*x. What is the tens digit of x?
9
What is the hundreds digit of 32 + -33 - (2 - 530)?
5
Suppose 0 = -2*b - 3 - 1. Let o = 56 - b. What is the units digit of o + (-4)/(3 - 2)?
4
Let k be (22/6)/((-6)/9 + 1). Let j = 138 - k. What is the hundreds digit of j?
1
Let s = -16 + 19. Suppose 2*c + 3*c + s = -2*n, -2*c + 4*n = -18. What is the units digit of c?
1
Suppose -146*b + 161*b = 42690. What is the hundreds digit of b?
8
Let l(p) be the second derivative of p**5/30 + p**4/8 - 5*p**3/3 - 7*p**2/2 - 4*p. Let n(v) be the first derivative of l(v). What is the units digit of n(-6)?
4
Let c be ((-3)/(-6)*1)/((-1)/2). What is the hundreds digit of (0 + c)/(2/(-362)) + -1?
1
Let a(i) = -i**2 + i + 10. Let n be a(0). Let u(y) = -4 + 7 + 0 + 0*y**2 + y**3 - 9*y - 9*y**2. What is the tens digit of u(n)?
1
Suppose 3*q = 4*y - 4531, q + 5655 = 5*y + 6*q. What is the thousands digit of y?
1
What is the units digit of -1 - 3 - -7 - (-1 + -2)?
6
What is the units digit of -1 + 1 - (21 - 186)?
5
Let b(q) = -q**3 - 7*q**2 + 9*q + 5. Let z be b(-8). Let n be (3/2)/(z/(-10)). Let t = n + 7. What is the tens digit of t?
1
Suppose -5*i + 5*b = -135, 14 = 3*b - 1. Suppose 0*d - i = -2*d. What is